Calculate the greatest common divisor of n and v.
3
Suppose -m - 2 + 5 = 0, -4*m + 6 = -2*d. Suppose -8*l + d*l + 85 = 0. Calculate the greatest common divisor of 136 and l.
17
Let g be (-10)/2 + -1 - 2. Let o = 32 - g. Let f = 70 - o. What is the greatest common divisor of f and 120?
30
Suppose -s - 3*o + 25 = 0, -20 = -3*s - 5*o + 59. Suppose 5 - 117 = -8*i. Calculate the greatest common divisor of i and s.
14
Suppose -2*u + 0*u - a = 90, 2*u + 2*a = -90. Let k = -43 - u. What is the highest common divisor of 14 and k?
2
Suppose 4*z + 36 = 4*n, -z - 2*n - 24 = 2*n. Let i be 4*(z/(-4) - 2). Suppose i*r - 71 = -3. What is the highest common divisor of r and 68?
17
Suppose -39*o - 70 = -53*o. What is the greatest common factor of 65 and o?
5
Let a = -14 + 26. Let l = 41 - a. Let d = -52 + 371. What is the greatest common divisor of l and d?
29
Let t(z) = 3*z - 12. Suppose 0*m + 4*m - 20 = 0. Let f be t(m). Suppose -8*k + 510 = -f*k. What is the greatest common divisor of k and 34?
34
Let q(u) = 3*u**3 - 2*u + 1. Let k be q(1). Suppose -k*t - 5*v = -1, 5*t = -2*v + v + 14. What is the greatest common divisor of 33 and t?
3
Suppose 21*x - 16*x = -3*u + 84, -4*u = x - 129. What is the highest common factor of 341 and u?
11
Let i(y) = -19*y + 1. Let h be i(-1). Let c = -1 + h. What is the highest common factor of c and 152?
19
Suppose -4*q + 0*q = 0. Let f = -4 - q. Let o = f + 18. What is the highest common divisor of 56 and o?
14
Suppose -z = -1, 0 = -2*b - 2*b + 2*z + 102. Suppose 0 = -u - u - 2*w - 2, -4*u + 2*w = -b. Let g = 9 + -1. What is the highest common factor of u and g?
4
Let c be 37 + 7 + 9 + -18. What is the greatest common factor of 63 and c?
7
Let w = -4 + 16. Let r be 28*(-155)/(-80) - (-3)/(-12). Suppose -15*h + r = -w*h. What is the greatest common factor of 162 and h?
18
Let f(i) = -i**2 - 10*i + 4. Let s be f(-10). Let z(p) = 3*p + 0*p + 0*p. Let r be z(s). What is the highest common factor of r and 18?
6
Let x be (1/(4/(-222)))/((-36)/48). Calculate the highest common divisor of x and 2.
2
Let g(k) be the first derivative of k**3 + 2*k**2 - 16*k + 9. Let y be g(-8). Calculate the greatest common divisor of y and 16.
16
Suppose -2*o + 60 = 5*f, o - 20 = -o + 5*f. Let t be (-15)/(-2)*o/25. Let w be t + (-3 - (-2)/1). Calculate the highest common factor of 35 and w.
5
Suppose 2*q + 3*o = 33, 5 + 25 = 2*q + 2*o. What is the greatest common factor of 180 and q?
12
Let k be (-5)/2*-128 + (0 - -5). Calculate the greatest common divisor of k and 50.
25
Let p = 1277 - 827. Calculate the greatest common factor of p and 18.
18
Suppose 614*i = 601*i + 156. Let r = -7 + 10. Suppose 0 = -r*f + 324 - 0. Calculate the greatest common divisor of i and f.
12
Suppose 0*a - 92 = -4*a. Suppose -2*h + a = 2*y - 15, h - 4 = 4*y. Calculate the highest common divisor of 64 and h.
16
Suppose -24*h + 76 - 436 = 0. Suppose 3*o = o + 6. Let l be (h/4)/(o/(-8)). Calculate the highest common factor of l and 20.
10
Let s = -423 + 436. Calculate the highest common factor of s and 559.
13
Let f(a) = a. Suppose 3*d = -2*d + 10. Let k be f(d). Let i(l) = 14*l**2 + 2*l. Let o be i(k). Calculate the greatest common factor of o and 24.
12
Let w(o) = 3*o**2 - 66*o + 25. Let x be w(22). Let h = 17 + 7. Suppose -3*f - 2*u = -9 - 12, -3*u = 3*f - h. Calculate the greatest common divisor of f and x.
5
Let r = -26 + 38. Let c = -11 + r. Let s = 50 + -49. Calculate the highest common factor of s and c.
1
Let l(w) = 7*w**2 - 5*w + 40. Let a be l(-7). What is the greatest common divisor of a and 19?
19
Suppose 0 = p - 23 - 9. Suppose 29*d + 267 = p*d. Suppose -9 = 5*w - d. Calculate the greatest common divisor of w and 176.
16
Let f = 67 + -62. Suppose k + f*i = 130, 4*k - i + 4*i = 571. What is the greatest common divisor of k and 29?
29
Let n = -36 + 26. Let k = -3 - n. Let p = 19 + k. What is the greatest common factor of 13 and p?
13
Let q = 301 - 290. Let o be 242*(-4)/32*-4. Calculate the highest common divisor of q and o.
11
Suppose -u + 3 = -4. Let b be (u + 1)/2 - -7. Calculate the greatest common factor of b and 77.
11
Suppose -5*r - 2*i + i + 4297 = 0, 0 = r + 3*i - 851. Suppose -7*q + r = 20. What is the highest common factor of 15 and q?
15
Let l be (-4)/5*(-20)/(-8). Let y be (-3 - l)/(5 + -6). Let b be -13*16*(y + -2). What is the highest common factor of 26 and b?
26
Let u be (-2)/4*-2*49. Let c(k) = -k**3 - 5*k**2 + 2*k + 21. Let r be c(0). Calculate the highest common factor of r and u.
7
Suppose 5 = -2*s + 3*s. Let o = 8 - s. What is the highest common divisor of 33 and o?
3
Let z(c) = -c**2 + 5. Let h be z(0). Let n = 7 - h. Suppose 3*k + 0*y = -4*y + 3, -n*y = 0. Calculate the highest common factor of 7 and k.
1
Let q(x) = x - 7. Let m be q(-3). Let j(l) = -l + 55. Let a be j(m). What is the greatest common factor of a and 13?
13
Let w(q) = 530*q + 14. Let y be w(1). Calculate the greatest common factor of 17 and y.
17
Let w = -23 + 4. Let v = -18 - w. Calculate the highest common factor of v and 4.
1
Let v = 14 + -11. Suppose 2*i = -v*i. Let l(g) = g**3 + g**2 - g + 24. Let h be l(i). Calculate the highest common factor of h and 216.
24
Suppose 0 = -t + 25 - 15. What is the highest common divisor of 40 and t?
10
Let x(q) = q + 18. Let l be x(-2). What is the greatest common divisor of l and 528?
16
Suppose -y + 2*v = -0 + 2, 3*y - 4 = v. Let w be 26*y - (5 - 8). Suppose 0 = -3*r + 3*b + 2*b + 10, 0 = b - 1. Calculate the greatest common factor of r and w.
5
Suppose 0 = 4*r - 5*m - 621 - 74, 5*r + 5*m - 925 = 0. Calculate the greatest common divisor of 500 and r.
20
Let a(c) = -35*c**2 - 3*c + 19. Let q(g) = 17*g**2 + g - 9. Let k(i) = 2*a(i) + 5*q(i). Let d be k(-2). Calculate the highest common factor of 11 and d.
11
Let t = 250 + -169. What is the greatest common divisor of t and 135?
27
Let l be (-427)/(-5) - (-52)/(-130). What is the highest common divisor of l and 119?
17
Let k = 7 - 6. Suppose 5*a = -2*v - 13, 3*v - 5*a + 2 = -5. Let y be (v/(-10))/(3/15). Calculate the greatest common factor of k and y.
1
Let j be 4 - 6/1 - -23. Calculate the greatest common factor of 14 and j.
7
Suppose 0 = 4*g - g - 81. Suppose 0 = 26*p - g*p + 3. Suppose 98 + 22 = p*y. What is the greatest common factor of 60 and y?
20
Suppose -4*y = -3*z + 160, -z + 0*z = -5*y - 35. Let s = -25 - -37. What is the highest common factor of z and s?
12
Let l = 35 + -18. Let g = 14 - -3. What is the highest common divisor of l and g?
17
Suppose -9*b = -4*b + 75. Let y = -12 - b. Suppose 5*m = h + 3*h - 34, -2*h = y*m - 28. Calculate the greatest common divisor of h and 11.
11
Suppose 3*i = -y + 8*i - 23, 5*y + 199 = 4*i. Let v = y - -65. Let q = -14 - -25. Calculate the highest common divisor of q and v.
11
Let h = 494 + -328. Let d = h + -96. Calculate the greatest common factor of 14 and d.
14
Suppose -807 = -6*t + 117. Let x = -16 + 30. What is the greatest common divisor of t and x?
14
Let z(y) = y - 13. Let p be z(16). Let f be (-10)/p*((-66)/15 - -2). Let s = -39 + 63. What is the highest common factor of f and s?
8
Let w(f) = -f**3 + 31*f**2 - 30*f + 54. Let u be w(30). What is the highest common divisor of 234 and u?
18
Let s be ((-84)/12 + 8)*(0 + 496). What is the greatest common divisor of s and 16?
16
Let a(z) = 4*z - 21. Let w(n) = -2*n + 11. Let x(b) = 6*a(b) + 14*w(b). Let j be x(0). What is the highest common factor of 4 and j?
4
Let r = 527 - 107. What is the highest common divisor of 168 and r?
84
Let i be 2/(-10) + 588/15. Let u(f) = f**3 + 4*f**2 - 12*f + 4. Let p be u(-5). What is the greatest common divisor of p and i?
39
Let p(t) = 22*t. Let w be p(1). Let u = w - -26. Suppose 4*a = -5*m + 133, -3*m = 4*a - 9*a + 157. Calculate the highest common divisor of u and a.
16
Let d = -169 + 219. Let p = -14 - -39. What is the greatest common factor of d and p?
25
Let d(w) = -20*w - 97. Let n be d(-5). Calculate the greatest common divisor of n and 162.
3
Let t(b) be the second derivative of b**5/20 + b**3/6 + 57*b**2/2 - 4*b. Let d be t(0). Calculate the highest common factor of 38 and d.
19
Let a(h) = 2*h**2 + h. Let j be a(-2). Suppose -r + 22 - 7 = 0. Let t be ((-10)/r)/((-4)/j). What is the greatest common divisor of t and 7?
1
Suppose 0 = -5*s + 2*l + 